{"id":3373,"date":"2024-05-18T17:10:09","date_gmt":"2024-05-18T15:10:09","guid":{"rendered":"https:\/\/memoriedivetro.it\/?post_type=product&#038;p=3373"},"modified":"2024-10-27T15:31:05","modified_gmt":"2024-10-27T13:31:05","slug":"lanterna-in-vetro-di-murano","status":"publish","type":"product","link":"https:\/\/memoriedivetro.eu\/en\/prodotto\/lanterna-in-vetro-di-murano\/","title":{"rendered":"Lanterna in vetro di Murano"},"content":{"rendered":"<p>Aggiungete un tocco di eleganza e raffinatezza alla vostra casa con questa rara e pregiata lanterna in vetro di Murano di colore opalino ad una luce.<\/p>\n<p>Un vero gioiello introvabile che trasforma qualsiasi ambiente grazie ai suoi dettagli unici e alla maestria artigianale dei nostri maestri vetrai che l&#8217;hanno realizzata interamente a mano negli anni &#8217;80.<\/p>\n<p>Si tratta di un esempio superbo di artigianato italiano.<\/p>\n<p>Soffiata all&#8217;interno di una gabbia metallica intrecciata e successivamente dipinta color oro, ogni dettaglio \u00e8 stato attentamente curato per garantire un risultato di alta qualit\u00e0 e un design esclusivo.<\/p>\n<p>La lanterna \u00e8 in perfetto stato di conservazione e offre la possibilit\u00e0 di sostituire la lampadina grazie alla sua parte inferiore apribile. Un dettaglio unico e raro \u00e8 la catena e il rosone in &#8220;stile bizantino&#8221;, che aggiungono un tocco di fascino e autenticit\u00e0.<\/p>\n<p>Versatile nell&#8217;utilizzo, questa lanterna pu\u00f2 essere inserita sia all&#8217;interno che all&#8217;esterno (ad esempio sotto un portico o in un giardino).<\/p>\n<p>Le dimensioni di 50 cm di altezza e diametro superiore di 25 cm, diametro inferiore di 20 cm la rendono un elemento significativo nella vostra decorazione d&#8217;interni.<\/p>\n<p>Abbiamo sostituito l&#8217;impianto elettrico e il portalampade E27, offriamo inoltre la possibilit\u00e0 di inserire portalampade compatibili con gli Stati Uniti.<\/p>\n<p>La spedizione sar\u00e0 curata con attenzione e imballata professionalmente per garantirvi che l&#8217;articolo arrivi in condizioni perfette.<\/p>\n","protected":false},"excerpt":{"rendered":"<p>Lanterna in vetro di Murano<\/p>\n","protected":false},"featured_media":3384,"comment_status":"open","ping_status":"closed","template":"","meta":[],"product_brand":[],"product_cat":[25,345],"product_tag":[349,352,351,346,353,354,347,350,348],"class_list":{"0":"post-3373","1":"product","2":"type-product","3":"status-publish","4":"has-post-thumbnail","6":"product_cat-lampadari-in-vetro-di-murano","7":"product_cat-lanterne","8":"product_tag-lanterna-1-luce-murano","9":"product_tag-lanterna-esterno","10":"product_tag-lanterna-interno","11":"product_tag-lanterna-murano","12":"product_tag-lanterna-murano-giardino","13":"product_tag-lanterna-murano-portico","14":"product_tag-lanterna-opalino-murano","15":"product_tag-lanterna-vetro-murano-e-ferro","16":"product_tag-lanterna-vintage-murano","18":"first","19":"outofstock","20":"shipping-taxable","21":"purchasable","22":"product-type-simple"},"yoast_head":"<!-- This site is optimized with the Yoast SEO plugin v26.8 - https:\/\/yoast.com\/product\/yoast-seo-wordpress\/ -->\n<title>Lanterna in vetro di Murano - Memorie di vetro<\/title>\n<meta name=\"description\" content=\"Entra nel magico e spettacolare mondo del vetro di Murano: immergiti nel mondo dell\u2019antico e del moderno, del vecchio e del nuovo.\" \/>\n<meta name=\"robots\" content=\"index, follow, max-snippet:-1, max-image-preview:large, max-video-preview:-1\" \/>\n<link rel=\"canonical\" href=\"https:\/\/memoriedivetro.eu\/prodotto\/lanterna-in-vetro-di-murano\/\" \/>\n<meta property=\"og:locale\" content=\"en_US\" \/>\n<meta property=\"og:type\" content=\"article\" \/>\n<meta property=\"og:title\" content=\"Lanterna in vetro di Murano - Memorie di vetro\" \/>\n<meta property=\"og:description\" content=\"Entra nel magico e spettacolare mondo del vetro di Murano: immergiti nel mondo dell\u2019antico e del moderno, del vecchio e del nuovo.\" \/>\n<meta property=\"og:url\" content=\"https:\/\/memoriedivetro.eu\/prodotto\/lanterna-in-vetro-di-murano\/\" \/>\n<meta property=\"og:site_name\" content=\"Memorie di vetro\" \/>\n<meta property=\"article:modified_time\" content=\"2024-10-27T13:31:05+00:00\" \/>\n<meta property=\"og:image\" content=\"https:\/\/memoriedivetro.eu\/wp-content\/uploads\/lanterna-1-.png\" \/>\n\t<meta property=\"og:image:width\" content=\"377\" \/>\n\t<meta property=\"og:image:height\" content=\"661\" \/>\n\t<meta property=\"og:image:type\" content=\"image\/png\" \/>\n<meta name=\"twitter:card\" content=\"summary_large_image\" \/>\n<meta name=\"twitter:label1\" content=\"Est. reading time\" \/>\n\t<meta name=\"twitter:data1\" content=\"2 minutes\" \/>\n<script type=\"application\/ld+json\" class=\"yoast-schema-graph\">{\"@context\":\"https:\/\/schema.org\",\"@graph\":[{\"@type\":\"WebPage\",\"@id\":\"https:\/\/memoriedivetro.eu\/prodotto\/lanterna-in-vetro-di-murano\/\",\"url\":\"https:\/\/memoriedivetro.eu\/prodotto\/lanterna-in-vetro-di-murano\/\",\"name\":\"Lanterna in vetro di Murano - Memorie di vetro\",\"isPartOf\":{\"@id\":\"https:\/\/memoriedivetro.eu\/#website\"},\"primaryImageOfPage\":{\"@id\":\"https:\/\/memoriedivetro.eu\/prodotto\/lanterna-in-vetro-di-murano\/#primaryimage\"},\"image\":{\"@id\":\"https:\/\/memoriedivetro.eu\/prodotto\/lanterna-in-vetro-di-murano\/#primaryimage\"},\"thumbnailUrl\":\"https:\/\/memoriedivetro.eu\/wp-content\/uploads\/lanterna-1-.png\",\"datePublished\":\"2024-05-18T15:10:09+00:00\",\"dateModified\":\"2024-10-27T13:31:05+00:00\",\"description\":\"Entra nel magico e spettacolare mondo del vetro di Murano: immergiti nel mondo dell\u2019antico e del moderno, del vecchio e del nuovo.\",\"breadcrumb\":{\"@id\":\"https:\/\/memoriedivetro.eu\/prodotto\/lanterna-in-vetro-di-murano\/#breadcrumb\"},\"inLanguage\":\"en-US\",\"potentialAction\":[{\"@type\":\"ReadAction\",\"target\":[\"https:\/\/memoriedivetro.eu\/prodotto\/lanterna-in-vetro-di-murano\/\"]}]},{\"@type\":\"ImageObject\",\"inLanguage\":\"en-US\",\"@id\":\"https:\/\/memoriedivetro.eu\/prodotto\/lanterna-in-vetro-di-murano\/#primaryimage\",\"url\":\"https:\/\/memoriedivetro.eu\/wp-content\/uploads\/lanterna-1-.png\",\"contentUrl\":\"https:\/\/memoriedivetro.eu\/wp-content\/uploads\/lanterna-1-.png\",\"width\":377,\"height\":661},{\"@type\":\"BreadcrumbList\",\"@id\":\"https:\/\/memoriedivetro.eu\/prodotto\/lanterna-in-vetro-di-murano\/#breadcrumb\",\"itemListElement\":[{\"@type\":\"ListItem\",\"position\":1,\"name\":\"Shop\",\"item\":\"https:\/\/memoriedivetro.eu\/negozio\/\"},{\"@type\":\"ListItem\",\"position\":2,\"name\":\"Lanterna in vetro di Murano\"}]},{\"@type\":\"WebSite\",\"@id\":\"https:\/\/memoriedivetro.eu\/#website\",\"url\":\"https:\/\/memoriedivetro.eu\/\",\"name\":\"Memorie di vetro\",\"description\":\"Entra nel magico e spettacolare mondo del vetro di Murano\",\"alternateName\":\"Memorie di Vetro\",\"potentialAction\":[{\"@type\":\"SearchAction\",\"target\":{\"@type\":\"EntryPoint\",\"urlTemplate\":\"https:\/\/memoriedivetro.eu\/?s={search_term_string}\"},\"query-input\":{\"@type\":\"PropertyValueSpecification\",\"valueRequired\":true,\"valueName\":\"search_term_string\"}}],\"inLanguage\":\"en-US\"}]}<\/script>\n<!-- \/ Yoast SEO plugin. -->","yoast_head_json":{"title":"Lanterna in vetro di Murano - Memorie di vetro","description":"Entra nel magico e spettacolare mondo del vetro di Murano: immergiti nel mondo dell\u2019antico e del moderno, del vecchio e del nuovo.","robots":{"index":"index","follow":"follow","max-snippet":"max-snippet:-1","max-image-preview":"max-image-preview:large","max-video-preview":"max-video-preview:-1"},"canonical":"https:\/\/memoriedivetro.eu\/prodotto\/lanterna-in-vetro-di-murano\/","og_locale":"en_US","og_type":"article","og_title":"Lanterna in vetro di Murano - Memorie di vetro","og_description":"Entra nel magico e spettacolare mondo del vetro di Murano: immergiti nel mondo dell\u2019antico e del moderno, del vecchio e del nuovo.","og_url":"https:\/\/memoriedivetro.eu\/prodotto\/lanterna-in-vetro-di-murano\/","og_site_name":"Memorie di vetro","article_modified_time":"2024-10-27T13:31:05+00:00","og_image":[{"width":377,"height":661,"url":"https:\/\/memoriedivetro.eu\/wp-content\/uploads\/lanterna-1-.png","type":"image\/png"}],"twitter_card":"summary_large_image","twitter_misc":{"Est. reading time":"2 minutes"},"schema":{"@context":"https:\/\/schema.org","@graph":[{"@type":"WebPage","@id":"https:\/\/memoriedivetro.eu\/prodotto\/lanterna-in-vetro-di-murano\/","url":"https:\/\/memoriedivetro.eu\/prodotto\/lanterna-in-vetro-di-murano\/","name":"Lanterna in vetro di Murano - Memorie di vetro","isPartOf":{"@id":"https:\/\/memoriedivetro.eu\/#website"},"primaryImageOfPage":{"@id":"https:\/\/memoriedivetro.eu\/prodotto\/lanterna-in-vetro-di-murano\/#primaryimage"},"image":{"@id":"https:\/\/memoriedivetro.eu\/prodotto\/lanterna-in-vetro-di-murano\/#primaryimage"},"thumbnailUrl":"https:\/\/memoriedivetro.eu\/wp-content\/uploads\/lanterna-1-.png","datePublished":"2024-05-18T15:10:09+00:00","dateModified":"2024-10-27T13:31:05+00:00","description":"Entra nel magico e spettacolare mondo del vetro di Murano: immergiti nel mondo dell\u2019antico e del moderno, del vecchio e del nuovo.","breadcrumb":{"@id":"https:\/\/memoriedivetro.eu\/prodotto\/lanterna-in-vetro-di-murano\/#breadcrumb"},"inLanguage":"en-US","potentialAction":[{"@type":"ReadAction","target":["https:\/\/memoriedivetro.eu\/prodotto\/lanterna-in-vetro-di-murano\/"]}]},{"@type":"ImageObject","inLanguage":"en-US","@id":"https:\/\/memoriedivetro.eu\/prodotto\/lanterna-in-vetro-di-murano\/#primaryimage","url":"https:\/\/memoriedivetro.eu\/wp-content\/uploads\/lanterna-1-.png","contentUrl":"https:\/\/memoriedivetro.eu\/wp-content\/uploads\/lanterna-1-.png","width":377,"height":661},{"@type":"BreadcrumbList","@id":"https:\/\/memoriedivetro.eu\/prodotto\/lanterna-in-vetro-di-murano\/#breadcrumb","itemListElement":[{"@type":"ListItem","position":1,"name":"Shop","item":"https:\/\/memoriedivetro.eu\/negozio\/"},{"@type":"ListItem","position":2,"name":"Lanterna in vetro di Murano"}]},{"@type":"WebSite","@id":"https:\/\/memoriedivetro.eu\/#website","url":"https:\/\/memoriedivetro.eu\/","name":"Memorie di vetro","description":"Entra nel magico e spettacolare mondo del vetro di Murano","alternateName":"Memorie di Vetro","potentialAction":[{"@type":"SearchAction","target":{"@type":"EntryPoint","urlTemplate":"https:\/\/memoriedivetro.eu\/?s={search_term_string}"},"query-input":{"@type":"PropertyValueSpecification","valueRequired":true,"valueName":"search_term_string"}}],"inLanguage":"en-US"}]}},"_links":{"self":[{"href":"https:\/\/memoriedivetro.eu\/en\/wp-json\/wp\/v2\/product\/3373","targetHints":{"allow":["GET"]}}],"collection":[{"href":"https:\/\/memoriedivetro.eu\/en\/wp-json\/wp\/v2\/product"}],"about":[{"href":"https:\/\/memoriedivetro.eu\/en\/wp-json\/wp\/v2\/types\/product"}],"replies":[{"embeddable":true,"href":"https:\/\/memoriedivetro.eu\/en\/wp-json\/wp\/v2\/comments?post=3373"}],"wp:featuredmedia":[{"embeddable":true,"href":"https:\/\/memoriedivetro.eu\/en\/wp-json\/wp\/v2\/media\/3384"}],"wp:attachment":[{"href":"https:\/\/memoriedivetro.eu\/en\/wp-json\/wp\/v2\/media?parent=3373"}],"wp:term":[{"taxonomy":"product_brand","embeddable":true,"href":"https:\/\/memoriedivetro.eu\/en\/wp-json\/wp\/v2\/product_brand?post=3373"},{"taxonomy":"product_cat","embeddable":true,"href":"https:\/\/memoriedivetro.eu\/en\/wp-json\/wp\/v2\/product_cat?post=3373"},{"taxonomy":"product_tag","embeddable":true,"href":"https:\/\/memoriedivetro.eu\/en\/wp-json\/wp\/v2\/product_tag?post=3373"}],"curies":[{"name":"wp","href":"https:\/\/api.w.org\/{rel}","templated":true}]}}

<p>Aggiungete un tocco di eleganza e raffinatezza alla vostra casa con questa rara e pregiata lanterna in vetro di Murano di colore opalino ad una luce.</p>
<p>Un vero gioiello introvabile che trasforma qualsiasi ambiente grazie ai suoi dettagli unici e alla maestria artigianale dei nostri maestri vetrai che l&#8217;hanno realizzata interamente a mano negli anni &#8217;80.</p>
<p>Si tratta di un esempio superbo di artigianato italiano.</p>
<p>Soffiata all&#8217;interno di una gabbia metallica intrecciata e successivamente dipinta color oro, ogni dettaglio è stato attentamente curato per garantire un risultato di alta qualità e un design esclusivo.</p>
<p>La lanterna è in perfetto stato di conservazione e offre la possibilità di sostituire la lampadina grazie alla sua parte inferiore apribile. Un dettaglio unico e raro è la catena e il rosone in &#8220;stile bizantino&#8221;, che aggiungono un tocco di fascino e autenticità.</p>
<p>Versatile nell&#8217;utilizzo, questa lanterna può essere inserita sia all&#8217;interno che all&#8217;esterno (ad esempio sotto un portico o in un giardino).</p>
<p>Le dimensioni di 50 cm di altezza e diametro superiore di 25 cm, diametro inferiore di 20 cm la rendono un elemento significativo nella vostra decorazione d&#8217;interni.</p>
<p>Abbiamo sostituito l&#8217;impianto elettrico e il portalampade E27, offriamo inoltre la possibilità di inserire portalampade compatibili con gli Stati Uniti.</p>
<p>La spedizione sarà curata con attenzione e imballata professionalmente per garantirvi che l&#8217;articolo arrivi in condizioni perfette.</p>
